
1
Suppose 5*c + 2*q - 470 = 37, c + q - 102 = 0. Let n = 14 + c. What is the greatest common divisor of n and 46?
23
Let f(b) = -b**3 + 24*b**2 + 78*b + 206. Let k be f(27). Calculate the greatest common divisor of 100 and k.
25
Let n = 3947 + 1650. Calculate the greatest common divisor of n and 58.
29
Suppose -5*i + 1743 = 78*i. Calculate the greatest common divisor of i and 1092.
21
Suppose 14 = 2*j - 12. Suppose 67*d - 223 = -2*a + 62*d, 3*a - 306 = 2*d. What is the greatest common factor of j and a?
13
Let k be (5 + -2)/((-65)/(-10) - 2)*252. Calculate the highest common divisor of k and 147.
21
Let c = -22 - -32. Suppose 0*t = 6*t - 6. Let r be (-2079)/(-21) + (2 - t). What is the highest common factor of c and r?
10
Let p = 936 + -656. Suppose 0*j - p = -8*j. Let l(b) = 7*b**2 - 3*b + 1. Let d be l(-2). Calculate the highest common factor of j and d.
35
Let r = 7155 - 7133. Calculate the highest common factor of 7601 and r.
11
Let f(x) = -15*x**2 + 2*x - 5. Let k be f(7). Let i be 1/9 + k/(-27). Let z be ((-27)/(-2))/(10/20). What is the highest common factor of i and z?
27
Let d = 36947 + -35723. What is the highest common divisor of d and 561?
51
Let j be (1/4 + (-879)/(-4))*1152/240. Calculate the highest common factor of 682 and j.
22
Let h(b) = 231*b - 1501. Let u be h(9). Calculate the highest common divisor of u and 34.
34
Let z(w) = 8*w + 290. Let q(l) = -34*l - 36. Let r be q(0). Let a be z(r). Calculate the greatest common factor of 210 and a.
2
Suppose -2*h + 102*m - 104*m + 112 = 0, -5*m = -15. What is the greatest common divisor of 53 and h?
53
Suppose -5*n + 625 = 4*g, 5*g - 745 = -22*n + 23*n. Let d = 4 - 8. Let u be g/d*30/(-45). What is the highest common factor of 275 and u?
25
Let w = -337 - -351. Let o be 20*6*(-11)/((-231)/w). Suppose 4*f + 0*q - 52 = -4*q, 2*f - 4*q = 44. What is the greatest common divisor of f and o?
16
Let s be 2/5 + 533/5. Suppose s - 23 = 3*v. Suppose 3*u - 7*q = 280, u - 88 = 152*q - 151*q. What is the highest common divisor of v and u?
28
Suppose 0 = 2*a - 5*p + 65, a - 6*p = -2*p - 37. Let k be (a/(-75))/((-1)/(-294)). What is the highest common divisor of 49 and k?
49
Suppose -2*p + 6*s + 30 = 2*s, -3*p - s + 31 = 0. Let x = p + -1. Let g be 228/14 + x/(-35) - 0. Calculate the greatest common factor of g and 80.
16
Let y = 53 - -697. Calculate the highest common factor of 450 and y.
150
Let y be 33 - (1 - (2 + -5)). Suppose y*l = 28*l + 36. What is the highest common divisor of 45 and l?
9
Let t = -479 + 327. Let s be (1 - -45)/((-16)/t). Calculate the greatest common divisor of 23 and s.
23
Let n be 89*2*(-63)/(-42). Let i = 327 - n. What is the highest common divisor of 90 and i?
30
Suppose -4*k + 47 = f, 6 + 12 = 3*k - 5*f. Let s be (7 + -2 + 5)*(-33)/(-6). What is the highest common divisor of k and s?
11
Suppose -381*c - 4*d = -376*c - 891, 0 = 4*c + d - 704. Calculate the highest common factor of 40 and c.
5
Let i be (3/15 + -3)*100/(-8). Calculate the greatest common divisor of 245 and i.
35
Let d be -5 + (-9)/(-12)*(3 - -9). Suppose 3*n + m = n + 409, -d*n - m = -823. What is the greatest common factor of 46 and n?
23
Suppose 9*x - 221 = -8*x. Suppose 4*v - 4*h - x = 91, v + 5*h - 2 = 0. Calculate the greatest common divisor of v and 352.
22
Suppose 0*l - 7*l = -14. Let k be 0 + 8 - (5 - (-2 + 10)). Suppose j + k = l*j. What is the highest common factor of j and 22?
11
Let o be 187/(-34)*24/(-22). Calculate the highest common divisor of 834 and o.
6
Let f = -5 + 7. Suppose f*h - 16 = -6*h. Suppose 4*k - 314 = -h*a, -6*k + k + 5*a + 370 = 0. Calculate the highest common factor of k and 11.
11
Suppose 0 = t - h + 105 + 266, -4*h = -16. Let b be (-2)/(-4) - t/2. Let s = 98854 - 98831. What is the greatest common divisor of b and s?
23
Suppose 0 = 3*t - 18 - 0. Suppose 11*o + 19*o = 132 + 498. What is the highest common divisor of o and t?
3
Let a(f) = -42*f + 547. Let h be a(12). What is the highest common factor of h and 7740?
43
Let l be 13 - (5 + 1 + 0). Suppose -3*v = 2*k - l*v - 4, 3*k - 27 = -v. What is the highest common divisor of k and 128?
8
Let t(v) = -v**2 - 6*v + 19. Let a be t(-8). Let j = -128 - -132. Let s be j/(-14) + 27/21. What is the greatest common divisor of s and a?
1
Let l = -1288 + 2362. Let o = 1113 - l. Suppose 26 = -f + 3*f. What is the highest common factor of f and o?
13
Suppose 125 + 2233 = 99*b - 1008. Let j be 9/(-6)*8/(-6). What is the highest common divisor of b and j?
2
Let a = 1752 + -1746. Calculate the greatest common divisor of 906 and a.
6
Suppose 376*f = 374*f - 3*s + 7971, -3*f = -2*s - 11924. Calculate the greatest common factor of f and 1170.
234
Suppose -106*w = -93*w - 5824. Calculate the highest common factor of w and 42.
14
Suppose -14*a = -7*a - 56. Suppose -a*y = -47 - 73. Calculate the greatest common divisor of y and 5.
5
Let v be 0 - (4 - -9)*-2. Let s = 145 + v. What is the highest common divisor of 18 and s?
9
Suppose -k + 6098 = 5*p, -p + 1214 = 33*k - 30*k. What is the greatest common factor of 50 and p?
10
Let l(v) = v**2 + 5. Let y be l(-3). Let z be ((-19)/(418/1771))/((-1)/2). What is the greatest common divisor of y and z?
7
Let p(f) = 36*f - 108. Let k = 222 - 214. Let r be p(k). Calculate the highest common divisor of r and 72.
36
Let y be 24*(36/27 - 40*-1). Calculate the greatest common factor of y and 64.
32
Suppose -30752 = -13*q - 12292. What is the highest common divisor of q and 1775?
355
Let d(n) = 713 - 3*n + 717 - 1427. Let r be d(-2). Let g = 32 - 5. Calculate the greatest common divisor of g and r.
9
Suppose m + 43 = -4*y + 7*y, 35 = 3*y + m. Let n = -380 - -549. Calculate the greatest common factor of y and n.
13
Let c(m) = 74*m + 1. Let r(p) = -p - 4. Let y be r(-5). Let g be c(y). Let f(d) = 4*d - 2. Let w be f(8). What is the highest common divisor of g and w?
15
Let f(z) = -48 + 12*z**2 - 6*z**2 + 17*z + z**3 + 16*z**2. Let y be (-36 - -71)*3/(-5). Let w be f(y). Calculate the highest common factor of w and 6.
6
Suppose 12*j = -1127 + 6371. Suppose -2*h = -5*d + 6065, -5*d + h + j + 5633 = 0. What is the highest common divisor of 15 and d?
15
Let l(k) = k**3 - 15*k**2 + 37*k + 172. Let m be l(11). Calculate the greatest common factor of 7258 and m.
19
Suppose -209 = 2*m - 2*x - 785, 4*x = 4. What is the greatest common divisor of m and 85?
17
Let i(z) = -2084*z - 11262. Let o be i(-14). What is the greatest common divisor of o and 159?
53
Suppose -61 = a - 3*a + 3*m, -3*a + 98 = 2*m. Suppose 34*j - 69*j - 599 = -7879. What is the greatest common divisor of j and a?
16
Let c = 66 + -64. Let z be 0 - ((c - 2) + 8/(-8)). Let y be (-3 - (2 + z))*-2. What is the highest common factor of 9 and y?
3
Suppose 16*o - 13*o - 6 = 0. Suppose 0 = -o*w + 48 - 12. Let j be (-4)/(-18) + 392/w. Calculate the highest common factor of j and 33.
11
Suppose 10*l = -24*l + 952. Calculate the greatest common factor of l and 7.
7
Suppose -42 = 5*t - 12*t. Let f be t + 6 - -6 - -4. What is the greatest common divisor of 11 and f?
11
Let z(d) = 17*d + 17. Let q be z(9). Let h = q + -154. What is the greatest common divisor of h and 176?
16
Suppose m + 32 = 3*q, -5*m - 2 = -q + 18. Let o = 135 + -135. Suppose -7*b + 323 + 307 = o. What is the highest common factor of q and b?
10
Suppose y + 2*y = 315. Let v = 4075 + -4070. Calculate the highest common factor of v and y.
5
Let s = -40 + 68. Suppose 3*r - 4*x + 112 - 187 = 0, 2*r - 3*x - 50 = 0. Suppose r*j = s*j - 18. What is the highest common factor of 30 and j?
6
Let i(n) = -35*n**3 - n**2 + 2*n + 3. Let w be (68 - 1)*2/(-2). Let t = w + 66. Let h be i(t). Calculate the highest common factor of 7 and h.
7
Let x = 120 - 80. Let u = 6714 + -6699. Calculate the greatest common divisor of x and u.
5
Let n = 1108 + -1076. Calculate the highest common divisor of n and 1208.
8
Suppose -2*i = 3*i - 155. Let x be (2/24)/(260/6240). Calculate the greatest common factor of x and i.
1
Let o = 529 - 533. Let j be 19 - (7 + o - (8 + -3)). Calculate the greatest common divisor of 24 and j.
3
Suppose -4*l - 13*f + 17*f = -2480, -5*f + 1205 = 2*l. Let m = 1394 - l. What is the highest common divisor of m and 41?
41
Let x be 2*-1 - (-44)/22. Suppose x = -5*q + 13*q - 288. Let v = 27 - 19. Wha